ors of 174187476?
2, 3, 229, 7043
What are the prime factors of 2188153116?
2, 3, 23, 293633
What are the prime factors of 31371547?
31371547
What are the prime factors of 715095459?
3, 13, 47, 14449
List the prime factors of 1962637241.
41, 61, 277, 2833
List the prime factors of 6059969027.
7, 223, 3882107
What are the prime factors of 106283885?
5, 21256777
What are the prime factors of 1298839418?
2, 3229, 201121
List the prime factors of 5199939.
3, 19, 47, 647
List the prime factors of 52581166.
2, 11, 2390053
List the prime factors of 87874612.
2, 7, 263, 11933
List the prime factors of 7623925704.
2, 3, 2393, 44249
What are the prime factors of 163875789?
3, 7, 11, 89, 2657
What are the prime factors of 239968958?
2, 73, 1643623
List the prime factors of 56730953.
37, 293, 5233
What are the prime factors of 428297494?
2, 193, 1109579
What are the prime factors of 124533619?
7, 17, 19, 55079
List the prime factors of 446095612.
2, 47, 269, 8821
What are the prime factors of 403740497?
17, 31, 766111
What are the prime factors of 312158872?
2, 1609, 24251
List the prime factors of 1689312992.
2, 52791031
List the prime factors of 141079501.
141079501
What are the prime factors of 2527787871?
3, 7, 29, 461191
List the prime factors of 239908830.
2, 3, 5, 7, 1142423
What are the prime factors of 76283257?
521, 146417
List the prime factors of 33825257.
17, 1989721
List the prime factors of 1001429616.
2, 3, 11, 1896647
What are the prime factors of 87032385?
3, 5, 11, 193, 911
List the prime factors of 124252761.
3, 19, 59, 36947
List the prime factors of 902586921.
3, 300862307
List the prime factors of 36871875.
3, 5, 19, 23
What are the prime factors of 346665222?
2, 3, 19, 1013641
List the prime factors of 69338474.
2, 34669237
What are the prime factors of 3003665853?
3, 1001221951
What are the prime factors of 60526704?
2, 3, 7, 19, 499
What are the prime factors of 109307801?
173, 277, 2281
What are the prime factors of 4722379915?
5, 11, 307, 279679
List the prime factors of 361752117.
3, 601, 200639
List the prime factors of 580816058.
2, 79, 3676051
What are the prime factors of 76727670?
2, 3, 5, 521, 4909
List the prime factors of 5818346.
2, 863, 3371
What are the prime factors of 609087523?
11, 47, 1013, 1163
List the prime factors of 34474223.
7, 107, 46027
List the prime factors of 167676387.
3, 19, 2941691
List the prime factors of 5377705.
5, 173, 6217
What are the prime factors of 2867544054?
2, 3, 17, 79, 118621
What are the prime factors of 41556897?
3, 4617433
What are the prime factors of 431362146?
2, 3, 47, 103, 14851
What are the prime factors of 46557311?
127, 366593
List the prime factors of 42242358.
2, 3, 19, 370547
List the prime factors of 36207795.
3, 5, 13, 185681
List the prime factors of 487048242.
2, 3, 19, 37, 115469
List the prime factors of 20956494.
2, 3, 13, 41, 6553
List the prime factors of 5034676837.
17, 443, 668527
What are the prime factors of 25590049?
17, 61, 24677
What are the prime factors of 300674011?
11, 27334001
What are the prime factors of 495013325?
5, 29, 682777
List the prime factors of 292057479.
3, 7, 31, 149543
List the prime factors of 1421252672.
2, 7, 3172439
What are the prime factors of 1248340737?
3, 7, 239, 248723
What are the prime factors of 21233652?
2, 3, 11, 160861
What are the prime factors of 1201928448?
2, 3, 7, 19, 41
What are the prime factors of 64318112?
2, 1213, 1657
List the prime factors of 52124558.
2, 983, 26513
List the prime factors of 697474704.
2, 3, 31, 73, 6421
List the prime factors of 306143849.
11, 27831259
What are the prime factors of 2193136688?
2, 337, 406739
List the prime factors of 210714910.
2, 5, 7, 3010213
List the prime factors of 112416071.
3527, 31873
What are the prime factors of 33874899?
3, 521, 21673
What are the prime factors of 142351594?
2, 7, 11, 924361
List the prime factors of 195101928.
2, 3, 7, 17, 3253
What are the prime factors of 86051598?
2, 3, 31, 462643
List the prime factors of 49198578.
2, 3, 11, 13, 17, 3373
What are the prime factors of 229721794?
2, 1583, 72559
List the prime factors of 37460966.
2, 443, 42281
What are the prime factors of 535441760?
2, 5, 7, 191, 2503
List the prime factors of 260816716.
2, 65204179
List the prime factors of 706333250.
2, 5, 7, 59, 6841
List the prime factors of 404126681.
7, 653, 88411
List the prime factors of 2789841239.
19183, 145433
List the prime factors of 71863400.
2, 5, 7, 7333
List the prime factors of 6650592779.
15263, 435733
What are the prime factors of 72894180?
2, 3, 5, 47, 25849
What are the prime factors of 66325664?
2, 727, 2851
What are the prime factors of 536992077?
3, 1361, 131519
List the prime factors of 41349052.
2, 10337263
List the prime factors of 222775877.
222775877
What are the prime factors of 1844285586?
2, 3, 11, 13, 2149517
List the prime factors of 357461934.
2, 3, 19, 163, 19237
What are the prime factors of 194512125?
3, 5, 518699
List the prime factors of 975453180.
2, 3, 5, 13, 269, 4649
List the prime factors of 45878440.
2, 5, 239, 4799
What are the prime factors of 119944142?
2, 59972071
What are the prime factors of 82191965?
5, 16438393
What are the prime factors of 983861314?
2, 61, 569, 14173
List the prime factors of 1152740517.
3, 29, 43, 308137
List the prime factors of 1631365249.
83, 389, 50527
List the prime factors of 44814488.
2, 23, 79, 3083
What are the prime factors of 49897040?
2, 5, 17, 19, 1931
List the prime factors of 3669957141.
3, 19, 1109, 58057
List the prime factors of 232791550.
2, 5, 4655831
List the prime factors of 1549163240.
2, 5, 47, 887, 929
List the prime factors of 625934288.
2, 7, 17, 547, 601
List the prime factors of 73695024.
2, 3, 13, 39367
List the prime factors of 1494993192.
2, 3, 7, 11, 17, 23, 2069
What are the prime factors of 353496556?
2, 7, 67, 188431
List the prime factors of 414941518.
2, 1889, 109831
What are the prime factors of 4255932787?
29, 877, 167339
List the prime factors of 272179245.
3, 5, 13, 1395791
What are the prime factors of 51353526?
2, 3, 7, 23, 53161
List the prime factors of 7261829475.
3, 5, 541, 178973
List the prime factors of 1512237971.
23, 151, 435427
What are the prime factors of 63531364?
2, 13, 19, 64303
List the prime factors of 711445849.
711445849
What are the prime factors of 904024120?
2, 5, 22600603
What are the prime factors of 3342017471?
13, 17, 3257, 4643
List the prime factors of 289892093.
289892093
What are the prime factors of 13994916?
2, 3, 13, 283, 317
List the prime factors of 1787811814.
2, 893905907
What are the prime factors of 781403559?
3, 107, 2434279
What are the prime factors of 2487563992?
2, 109, 2852711
List the prime factors of 404866077.
3, 7, 11, 227, 1103
What are the prime factors of 2766125463?
3, 8737, 105533
List the prime factors of 2820635800.
2, 5, 37, 381167
What are the prime factors of 109455727?
109455727
What are the prime factors of 68009232?
2, 3, 1416859
List the prime factors of 75159548.
2, 18789887
What are the prime factors of 6543844750?
2, 5, 26175379
List the prime factors of 157353722.
2, 78676861
What are the prime factors of 141599775?
3, 5, 137, 13781
List the prime factors of 165599001.
3, 47, 391487
List the prime factors of 118642464.
2, 3, 23, 17911
What are the prime factors of 2476529576?
2, 67, 4620391
What are the prime factors of 300769646?
2, 97, 1550359
What are the prime factors of 3695142272?
2, 28868299
What are the prime factors of 20776925?
5, 13, 63929
What are the prime factors of 72498813?
3, 19, 107, 11887
What are the prime factors of 102606915?
3, 5, 6840461
What are the prime factors of 368476073?
7, 43, 139, 8807
List the prime factors of 21520177.
7, 661, 4651
What are the prime factors of 189252704?
2, 17, 347891
List the prime factors of 21116998.
2, 7, 1013, 1489
List the prime factors of 20930703.
3, 2203, 3167
What are the prime factors of 112324682?
2, 419, 134039
What are the prime factors of 3525541886?
2, 103, 17114281
What are the prime factors of 3850190?
2, 5, 521, 739
List the prime factors of 673076290.
2, 5, 67307629
List the prime factors of 1007392390.
2, 5, 43, 2342773
List the prime factors of 435298288.
2, 43, 89, 7109
List the prime factors of 